{"id":3,"date":"2025-10-23T22:55:44","date_gmt":"2025-10-23T20:55:44","guid":{"rendered":"https:\/\/dev.mafael.com\/?page_id=3"},"modified":"2025-11-12T17:05:52","modified_gmt":"2025-11-12T16:05:52","slug":"politique-de-confidentialite","status":"publish","type":"page","link":"https:\/\/mafael.com\/index.php\/politique-de-confidentialite\/","title":{"rendered":"Politique de confidentialit\u00e9"},"content":{"rendered":"\n<p>Nous vous remercions d\u2019utiliser nos sites Web et nos services !<\/p>\n\n\n\n<p>Soucieux du respect de votre vie priv\u00e9e et de la protection des donn\u00e9es \u00e0 caract\u00e8re personnel que vous lui fournissez, la soci\u00e9t\u00e9 MAFAEL respecte la l\u00e9gislation en vigueur en mati\u00e8re de protection de la vie priv\u00e9e et des donn\u00e9es personnelles. La collecte et le traitement de vos donn\u00e9es personnelles se font dans le respect de la l\u00e9gislation en vigueur et du R\u00e8glement Europ\u00e9en sur la protection des donn\u00e9es personnelles qui est entr\u00e9 en vigueur le 25 mai 2018.<\/p>\n\n\n\n<p>Nous avons mis en place cette charte de confidentialit\u00e9 afin que vous puissiez communiquer vos informations personnelles en toute confiance et en toute confidentialit\u00e9 lorsque vous utilisez notre site internet, ci-apr\u00e8s d\u00e9nomm\u00e9e le Site. L\u2019objectif de cette Charte est de vous informer des finalit\u00e9s de traitement des donn\u00e9es collect\u00e9es. Nous nous r\u00e9servons la possibilit\u00e9 de modifier cette charte en fonction de l\u2019\u00e9volution de nos services et de la l\u00e9gislation en vigueur.<\/p>\n\n\n\n<p><strong>QUELQUES DONN\u00c9ES SUR MAFAEL, RESPONSABLE DE TRAITEMENT<\/strong><\/p>\n\n\n\n<p>Le Site est g\u00e9r\u00e9 par la soci\u00e9t\u00e9 MAFAEL, SAS immatricul\u00e9e au registre du commerce et des soci\u00e9t\u00e9s Paris sous le num\u00e9ro 843 624 826, ayant son si\u00e8ge social 92 rue du Bac 75007 Paris, France, au capital social de 10 000 euros.<\/p>\n\n\n\n<p>N\u2019h\u00e9sitez pas \u00e0 nous faire part de vos questions ou pr\u00e9occupations en mati\u00e8re de protection des donn\u00e9es, \u00e0 l\u2019adresse suivante : contact@mafael.fr.<\/p>\n\n\n\n<p><strong>QUAND COLLECTONS-NOUS DES DONN\u00c9ES PERSONNELLES ?<\/strong><\/p>\n\n\n\n<p>Vous serez amen\u00e9 \u00e0 communiquer des donn\u00e9es personnelles pour :<\/p>\n\n\n\n<ul class=\"wp-block-list\">\n<li>cr\u00e9er votre compte,<\/li>\n\n\n\n<li>vous connecter \u00e0 votre compte,<\/li>\n\n\n\n<li>r\u00e9aliser vos achats (commande, paiement, livraison)<\/li>\n\n\n\n<li>\u00eatre en relation avec le service client, le SAV<\/li>\n\n\n\n<li>participer \u00e0 un jeu-concours, vous inscrire \u00e0 notre newsletter et recevoir des offres promotionnelles,<\/li>\n\n\n\n<li>nous contacter et laisser un message ou commentaire.<\/li>\n<\/ul>\n\n\n\n<p>Certaines donn\u00e9es personnelles qui peuvent vous \u00eatre demand\u00e9es sont obligatoires. Le caract\u00e8re obligatoire des donn\u00e9es r\u00e9colt\u00e9es est signal\u00e9 par un ast\u00e9risque, les autres donn\u00e9es sont optionnelles.<\/p>\n\n\n\n<p>L\u2019absence de fourniture des donn\u00e9es personnelles obligatoires entra\u00eene l\u2019impossibilit\u00e9 d\u2019acc\u00e9der tout ou partie des services du Site. En effet, ces donn\u00e9es nous permettent de r\u00e9aliser la(es) prestation(s) command\u00e9es par vos soins.<\/p>\n\n\n\n<p><strong>QUELLES DONN\u00c9ES COLLECTONS-NOUS ?<\/strong><\/p>\n\n\n\n<p>Les donn\u00e9es personnelles d\u00e9signent les donn\u00e9es qui vous identifient en tant que personne physique.<\/p>\n\n\n\n<p>Nous pouvons \u00eatre amen\u00e9 \u00e0 traiter les types de donn\u00e9es personnelles suivants vous concernant :<\/p>\n\n\n\n<p><strong>Donn\u00e9es d\u2019identification :<\/strong><\/p>\n\n\n\n<ul class=\"wp-block-list\">\n<li>Civilit\u00e9\/nom\/pr\u00e9nom,<\/li>\n\n\n\n<li>Adresse e-mail,<\/li>\n\n\n\n<li>Adresse(s) postale(s), vos compl\u00e9ments d\u2019adresse (num\u00e9ro d\u2019immeuble, code, \u00e9tage\u2026).<\/li>\n\n\n\n<li>Num\u00e9ro de t\u00e9l\u00e9phone.<\/li>\n\n\n\n<li>Donn\u00e9es relatives aux produits et \u00e0 votre commande :<\/li>\n\n\n\n<li>Produits \/ services achet\u00e9s ou ajout\u00e9s \u00e0 votre liste d\u2019envies, produits ajout\u00e9s au panier, mode de livraison, option de montage\u2026<\/li>\n<\/ul>\n\n\n\n<p><strong>Informations utilisateurs<\/strong><\/p>\n\n\n\n<ul class=\"wp-block-list\">\n<li>Donn\u00e9es de connexion : adresse IP, historique de navigation, comportement sur le Site.<\/li>\n\n\n\n<li>Donn\u00e9es de localisation : position g\u00e9ographique.<\/li>\n<\/ul>\n\n\n\n<p><strong>Donn\u00e9es anonymes<\/strong><\/p>\n\n\n\n<p>Nous collectons \u00e9galement des donn\u00e9es anonymes, ces derni\u00e8res ne permettent pas \u00e0 MAFAEL d\u2019identifier les utilisateurs.<\/p>\n\n\n\n<p><strong>POUR QUELLES FINALIT\u00c9S COLLECTONS-NOUS CES DONN\u00c9ES PERSONNELLES ?<\/strong><\/p>\n\n\n\n<p>Nous collectons des donn\u00e9es \u00e0 caract\u00e8re obligatoire dans le cadre de la formalisation et de l\u2019ex\u00e9cution du contrat.<\/p>\n\n\n\n<p>Dans ce cadre, nous collectons des donn\u00e9es personnelles qui ont pour finalit\u00e9 la cr\u00e9ation du compte personnel, la validation des commandes (\u00e9mission et communication de la facture), les paiements et cr\u00e9dits, les livraisons et les prestations de montage, la relation client, SAV, les retours, les remboursements, la lutte contre la fraude lors du paiement de la commande et la gestion des impay\u00e9s et toute communication avec vous afin de r\u00e9aliser et ex\u00e9cuter votre demande.<\/p>\n\n\n\n<p>Certaines donn\u00e9es sont collect\u00e9es automatiquement du fait de vos actions sur le site (achat de produit, avis, utilisation de codes promotionnels, etc.). Nous utilisons vos donn\u00e9es personnelles pour des motifs l\u00e9gitimes et avec votre consentement. Nous pouvons traiter vos donn\u00e9es personnelles afin d\u2019am\u00e9liorer votre exp\u00e9rience client et la qualit\u00e9, la vari\u00e9t\u00e9 des produits fournis, de vous envoyer des offres personnalis\u00e9es, de vous envoyer une newsletter, si nous avons votre consentement, de vous adresser des e-mails automatiques marketing, des campagnes display et de remarketing.<\/p>\n\n\n\n<p>Tant que vous ne nous avez pas inform\u00e9s autrement, nous envisageons de vous proposer des produits \/ services similaires ou identiques \u00e0 votre historique d\u2019achat \/ comportement de navigation pour \u00eatre notre int\u00e9r\u00eat l\u00e9gitime.<\/p>\n\n\n\n<p>Pour vous d\u00e9sabonner de nos listes d\u2019e-mailing promotionnels, il vous suffit de cliquer sur le lien \u00ab Se d\u00e9sinscrire \u00bb en bas de chaque e-mail.<\/p>\n\n\n\n<p><strong>A QUI ADRESSONS NOUS VOS DONN\u00c9ES PERSONNELLES ?<\/strong><\/p>\n\n\n\n<p>Les donn\u00e9es que nous collectons sont destin\u00e9es \u00e0 MAFAEL et \u00e0 l\u2019ensemble de nos partenaires sous-traitants en charge de la gestion des paiements et de la lutte contre la fraude et recouvrement des impay\u00e9s, de la gestion des livraisons et du montage, de la gestion de la maintenance, de l\u2019h\u00e9bergement, de l\u2019\u00e9volution, de l\u2018optimisation du site, de la gestion des campagnes marketing et promotionnelles ainsi qu\u2019\u00e0 l\u2019ensemble des autorit\u00e9s administratives et judiciaires \u00e9ventuellement concern\u00e9es directement ou \u00e0 leur demande.<\/p>\n\n\n\n<p>Les salari\u00e9s de MAFAEL et des sous-traitants intervenant dans le cadre des prestations ci-dessus \u00e9num\u00e9r\u00e9es ont acc\u00e8s aux donn\u00e9es personnelles de l\u2019utilisateur que pour ex\u00e9cuter leur mission. Chacun d\u2019entre eux est soumis \u00e0 une obligation stricte de confidentialit\u00e9 et de s\u00e9curit\u00e9.<\/p>\n\n\n\n<p>Nous nous r\u00e9servons le droit de divulguer vos donn\u00e9es personnelles \u00e0 d\u2019autres parties dans les cas o\u00f9 la loi, une disposition r\u00e9glementaire en vigueur, une ordonnance judiciaire ou une r\u00e9glementation l\u2019impose ou l\u2019autorise, ou si cette divulgation est n\u00e9cessaire dans le cadre d\u2019une enqu\u00eate, ou d\u2019une proc\u00e9dure, sur le territoire national ou \u00e0 l\u2019\u00e9tranger.<\/p>\n\n\n\n<p><strong>COMBIEN DE TEMPS CONSERVONS-NOUS VOS DONN\u00c9ES PERSONNELLES ?<\/strong><\/p>\n\n\n\n<p>Les donn\u00e9es personnelles vous concernant seront conserv\u00e9es le temps n\u00e9cessaire \u00e0 la r\u00e9alisation des finalit\u00e9s d\u00e9crites ci-avant. Toutefois, les donn\u00e9es personnelles permettant d\u2019\u00e9tablir la preuve d\u2019un droit ou d\u2019un contrat, ou conserv\u00e9es au titre du respect d\u2019une obligation l\u00e9gale, sont archiv\u00e9es de fa\u00e7on interm\u00e9diaire pour une dur\u00e9e n\u2019exc\u00e9dant pas la dur\u00e9e n\u00e9cessaire aux finalit\u00e9s ci-avant \u00e9voqu\u00e9es.<\/p>\n\n\n\n<p>Les donn\u00e9es personnelles utilis\u00e9es \u00e0 des fins de prospection commerciale sont conserv\u00e9es pendant un d\u00e9lai de trois ans \u00e0 compter de la fin de la relation commerciale ou de leur collecte.<\/p>\n\n\n\n<p>La suppression des donn\u00e9es personnelles se fera par le bais d\u2019une anonymisation ou d\u2019une suppression.<\/p>\n\n\n\n<p>Les donn\u00e9es personnelles peuvent \u00eatre conserv\u00e9es sous une forme anonymis\u00e9e \u00e0 des fins statistiques.<\/p>\n\n\n\n<p><strong>QUELS SONT VOS DROITS ?<\/strong><\/p>\n\n\n\n<p>Il est de notre obligation de traiter des \u00e9l\u00e9ments personnels pr\u00e9cis, pertinents et n\u00e9cessaires tout en tenant compte de nos finalit\u00e9s l\u00e9gitimes.<\/p>\n\n\n\n<p>Pour \u00eatre le plus transparent possible, nous avons mis en place sur votre espace personnel un module vous permettant d\u2019exporter les donn\u00e9es li\u00e9es \u00e0 vos informations personnelles (nom, adresse, t\u00e9l\u00e9phone) et \u00e0 vos commande. Vous pouvez t\u00e9l\u00e9charger ces donn\u00e9es en un clic.<\/p>\n\n\n\n<p>Conform\u00e9ment \u00e0 la r\u00e9glementation applicable en mati\u00e8re de donn\u00e9es \u00e0 caract\u00e8re personnel, vousdisposez d\u2019un droit d\u2019acc\u00e8s, de rectification, d\u2019opposition, de limitation du traitement, d\u2019effacement et de portabilit\u00e9 de vos donn\u00e9es que vous pouvez exercer en vous adressant au responsable de traitement, en joignant \u00e0 votre demande une copie de votre carte d\u2019identit\u00e9 ou de votre passeport :<\/p>\n\n\n\n<ul class=\"wp-block-list\">\n<li>par mail: contact@mafael.fr.<\/li>\n\n\n\n<li>via notre formulaire \u00ab&nbsp;contactez-nous&nbsp;\u00bb, en vous adressant au service client<\/li>\n\n\n\n<li>par courrier MAFAEL, 21 rue Auber 75009 Paris en pr\u00e9cisant dans l\u2019objet du courrier \u00ab Droit des personnes \u00bb<\/li>\n<\/ul>\n\n\n\n<p>Par ailleurs, chaque utilisateur peut faire part de ses instructions \u00e0 MAFAEL sur le sort de ses donn\u00e9es apr\u00e8s la mort.<\/p>\n\n\n\n<p>En mati\u00e8re de prospection commerciale ou lettre d\u2019information (type newsletter), vous pouvez \u00e0 tout moment choisir de ne plus recevoir d\u2019envois en utilisant le lien de d\u00e9sabonnement figurant dans le message.<\/p>\n\n\n\n<p>En cas de violation de ses donn\u00e9es personnelles, l\u2019utilisateur en sera tenu inform\u00e9 dans les plus brefs d\u00e9lais. L\u2019utilisateur a toujours la possibilit\u00e9 de saisir l\u2019autorit\u00e9 de contr\u00f4le comp\u00e9tente de son pays de r\u00e9sidence : En France, la CNIL : https:\/\/www.cnil.fr\/<\/p>\n\n\n\n<p><strong>MODIFICATION DE LA CHARTE<\/strong><\/p>\n\n\n\n<p>MAFAEL se r\u00e9serve le droit de modifier ou adapter la pr\u00e9sente Charte notamment, afin de respecter toute nouvelle l\u00e9gislation et\/ou r\u00e9glementation applicable, les recommandations de la CNIL, les lignes directrices, les recommandations et les bonnes pratiques du Comit\u00e9 europ\u00e9en de la protection des donn\u00e9es et les d\u00e9cisions des cours et tribunaux en la mati\u00e8re. MAFAEL informera les utilisateurs via le site.<\/p>\n","protected":false},"excerpt":{"rendered":"<p>Nous vous remercions d\u2019utiliser nos sites Web et nos services ! Soucieux du respect de votre vie priv\u00e9e et de [&hellip;]<\/p>\n","protected":false},"author":1,"featured_media":0,"parent":0,"menu_order":0,"comment_status":"closed","ping_status":"open","template":"","meta":{"site-sidebar-layout":"default","site-content-layout":"","ast-site-content-layout":"default","site-content-style":"default","site-sidebar-style":"default","ast-global-header-display":"","ast-banner-title-visibility":"","ast-main-header-display":"","ast-hfb-above-header-display":"","ast-hfb-below-header-display":"","ast-hfb-mobile-header-display":"","site-post-title":"","ast-breadcrumbs-content":"","ast-featured-img":"","footer-sml-layout":"","ast-disable-related-posts":"","theme-transparent-header-meta":"","adv-header-id-meta":"","stick-header-meta":"","header-above-stick-meta":"","header-main-stick-meta":"","header-below-stick-meta":"","astra-migrate-meta-layouts":"default","ast-page-background-enabled":"default","ast-page-background-meta":{"desktop":{"background-color":"var(--ast-global-color-5)","background-image":"","background-repeat":"repeat","background-position":"center center","background-size":"auto","background-attachment":"scroll","background-type":"","background-media":"","overlay-type":"","overlay-color":"","overlay-opacity":"","overlay-gradient":""},"tablet":{"background-color":"","background-image":"","background-repeat":"repeat","background-position":"center center","background-size":"auto","background-attachment":"scroll","background-type":"","background-media":"","overlay-type":"","overlay-color":"","overlay-opacity":"","overlay-gradient":""},"mobile":{"background-color":"","background-image":"","background-repeat":"repeat","background-position":"center center","background-size":"auto","background-attachment":"scroll","background-type":"","background-media":"","overlay-type":"","overlay-color":"","overlay-opacity":"","overlay-gradient":""}},"ast-content-background-meta":{"desktop":{"background-color":"var(--ast-global-color-4)","background-image":"","background-repeat":"repeat","background-position":"center center","background-size":"auto","background-attachment":"scroll","background-type":"","background-media":"","overlay-type":"","overlay-color":"","overlay-opacity":"","overlay-gradient":""},"tablet":{"background-color":"var(--ast-global-color-4)","background-image":"","background-repeat":"repeat","background-position":"center center","background-size":"auto","background-attachment":"scroll","background-type":"","background-media":"","overlay-type":"","overlay-color":"","overlay-opacity":"","overlay-gradient":""},"mobile":{"background-color":"var(--ast-global-color-4)","background-image":"","background-repeat":"repeat","background-position":"center center","background-size":"auto","background-attachment":"scroll","background-type":"","background-media":"","overlay-type":"","overlay-color":"","overlay-opacity":"","overlay-gradient":""}},"footnotes":""},"class_list":["post-3","page","type-page","status-publish","hentry"],"yoast_head":"<!-- This site is optimized with the Yoast SEO plugin v27.3 - https:\/\/yoast.com\/product\/yoast-seo-wordpress\/ -->\n<title>Politique de confidentialit\u00e9 - Mafael<\/title>\n<meta name=\"robots\" content=\"index, follow, max-snippet:-1, max-image-preview:large, max-video-preview:-1\" \/>\n<link rel=\"canonical\" href=\"https:\/\/mafael.com\/index.php\/politique-de-confidentialite\/\" \/>\n<meta property=\"og:locale\" content=\"fr_FR\" \/>\n<meta property=\"og:type\" content=\"article\" \/>\n<meta property=\"og:title\" content=\"Politique de confidentialit\u00e9 - Mafael\" \/>\n<meta property=\"og:description\" content=\"Nous vous remercions d\u2019utiliser nos sites Web et nos services ! Soucieux du respect de votre vie priv\u00e9e et de [&hellip;]\" \/>\n<meta property=\"og:url\" content=\"https:\/\/mafael.com\/index.php\/politique-de-confidentialite\/\" \/>\n<meta property=\"og:site_name\" content=\"Mafael\" \/>\n<meta property=\"article:modified_time\" content=\"2025-11-12T16:05:52+00:00\" \/>\n<meta name=\"twitter:card\" content=\"summary_large_image\" \/>\n<meta name=\"twitter:label1\" content=\"Dur\u00e9e de lecture estim\u00e9e\" \/>\n\t<meta name=\"twitter:data1\" content=\"7 minutes\" \/>\n<script type=\"application\/ld+json\" class=\"yoast-schema-graph\">{\"@context\":\"https:\\\/\\\/schema.org\",\"@graph\":[{\"@type\":\"WebPage\",\"@id\":\"https:\\\/\\\/mafael.com\\\/index.php\\\/politique-de-confidentialite\\\/\",\"url\":\"https:\\\/\\\/mafael.com\\\/index.php\\\/politique-de-confidentialite\\\/\",\"name\":\"Politique de confidentialit\u00e9 - Mafael\",\"isPartOf\":{\"@id\":\"https:\\\/\\\/mafael.com\\\/#website\"},\"datePublished\":\"2025-10-23T20:55:44+00:00\",\"dateModified\":\"2025-11-12T16:05:52+00:00\",\"breadcrumb\":{\"@id\":\"https:\\\/\\\/mafael.com\\\/index.php\\\/politique-de-confidentialite\\\/#breadcrumb\"},\"inLanguage\":\"fr-FR\",\"potentialAction\":[{\"@type\":\"ReadAction\",\"target\":[\"https:\\\/\\\/mafael.com\\\/index.php\\\/politique-de-confidentialite\\\/\"]}]},{\"@type\":\"BreadcrumbList\",\"@id\":\"https:\\\/\\\/mafael.com\\\/index.php\\\/politique-de-confidentialite\\\/#breadcrumb\",\"itemListElement\":[{\"@type\":\"ListItem\",\"position\":1,\"name\":\"Accueil\",\"item\":\"https:\\\/\\\/mafael.com\\\/\"},{\"@type\":\"ListItem\",\"position\":2,\"name\":\"Politique de confidentialit\u00e9\"}]},{\"@type\":\"WebSite\",\"@id\":\"https:\\\/\\\/mafael.com\\\/#website\",\"url\":\"https:\\\/\\\/mafael.com\\\/\",\"name\":\"Mafael\",\"description\":\"Petits espaces, grandes id\u00e9es\",\"publisher\":{\"@id\":\"https:\\\/\\\/mafael.com\\\/#organization\"},\"potentialAction\":[{\"@type\":\"SearchAction\",\"target\":{\"@type\":\"EntryPoint\",\"urlTemplate\":\"https:\\\/\\\/mafael.com\\\/?s={search_term_string}\"},\"query-input\":{\"@type\":\"PropertyValueSpecification\",\"valueRequired\":true,\"valueName\":\"search_term_string\"}}],\"inLanguage\":\"fr-FR\"},{\"@type\":\"Organization\",\"@id\":\"https:\\\/\\\/mafael.com\\\/#organization\",\"name\":\"Mafael\",\"url\":\"https:\\\/\\\/mafael.com\\\/\",\"logo\":{\"@type\":\"ImageObject\",\"inLanguage\":\"fr-FR\",\"@id\":\"https:\\\/\\\/mafael.com\\\/#\\\/schema\\\/logo\\\/image\\\/\",\"url\":\"https:\\\/\\\/mafael.com\\\/wp-content\\\/uploads\\\/2025\\\/10\\\/cropped-MAFAEL_logotype_rvb-scaled-1.webp\",\"contentUrl\":\"https:\\\/\\\/mafael.com\\\/wp-content\\\/uploads\\\/2025\\\/10\\\/cropped-MAFAEL_logotype_rvb-scaled-1.webp\",\"width\":2559,\"height\":853,\"caption\":\"Mafael\"},\"image\":{\"@id\":\"https:\\\/\\\/mafael.com\\\/#\\\/schema\\\/logo\\\/image\\\/\"}}]}<\/script>\n<!-- \/ Yoast SEO plugin. -->","yoast_head_json":{"title":"Politique de confidentialit\u00e9 - Mafael","robots":{"index":"index","follow":"follow","max-snippet":"max-snippet:-1","max-image-preview":"max-image-preview:large","max-video-preview":"max-video-preview:-1"},"canonical":"https:\/\/mafael.com\/index.php\/politique-de-confidentialite\/","og_locale":"fr_FR","og_type":"article","og_title":"Politique de confidentialit\u00e9 - Mafael","og_description":"Nous vous remercions d\u2019utiliser nos sites Web et nos services ! Soucieux du respect de votre vie priv\u00e9e et de [&hellip;]","og_url":"https:\/\/mafael.com\/index.php\/politique-de-confidentialite\/","og_site_name":"Mafael","article_modified_time":"2025-11-12T16:05:52+00:00","twitter_card":"summary_large_image","twitter_misc":{"Dur\u00e9e de lecture estim\u00e9e":"7 minutes"},"schema":{"@context":"https:\/\/schema.org","@graph":[{"@type":"WebPage","@id":"https:\/\/mafael.com\/index.php\/politique-de-confidentialite\/","url":"https:\/\/mafael.com\/index.php\/politique-de-confidentialite\/","name":"Politique de confidentialit\u00e9 - Mafael","isPartOf":{"@id":"https:\/\/mafael.com\/#website"},"datePublished":"2025-10-23T20:55:44+00:00","dateModified":"2025-11-12T16:05:52+00:00","breadcrumb":{"@id":"https:\/\/mafael.com\/index.php\/politique-de-confidentialite\/#breadcrumb"},"inLanguage":"fr-FR","potentialAction":[{"@type":"ReadAction","target":["https:\/\/mafael.com\/index.php\/politique-de-confidentialite\/"]}]},{"@type":"BreadcrumbList","@id":"https:\/\/mafael.com\/index.php\/politique-de-confidentialite\/#breadcrumb","itemListElement":[{"@type":"ListItem","position":1,"name":"Accueil","item":"https:\/\/mafael.com\/"},{"@type":"ListItem","position":2,"name":"Politique de confidentialit\u00e9"}]},{"@type":"WebSite","@id":"https:\/\/mafael.com\/#website","url":"https:\/\/mafael.com\/","name":"Mafael","description":"Petits espaces, grandes id\u00e9es","publisher":{"@id":"https:\/\/mafael.com\/#organization"},"potentialAction":[{"@type":"SearchAction","target":{"@type":"EntryPoint","urlTemplate":"https:\/\/mafael.com\/?s={search_term_string}"},"query-input":{"@type":"PropertyValueSpecification","valueRequired":true,"valueName":"search_term_string"}}],"inLanguage":"fr-FR"},{"@type":"Organization","@id":"https:\/\/mafael.com\/#organization","name":"Mafael","url":"https:\/\/mafael.com\/","logo":{"@type":"ImageObject","inLanguage":"fr-FR","@id":"https:\/\/mafael.com\/#\/schema\/logo\/image\/","url":"https:\/\/mafael.com\/wp-content\/uploads\/2025\/10\/cropped-MAFAEL_logotype_rvb-scaled-1.webp","contentUrl":"https:\/\/mafael.com\/wp-content\/uploads\/2025\/10\/cropped-MAFAEL_logotype_rvb-scaled-1.webp","width":2559,"height":853,"caption":"Mafael"},"image":{"@id":"https:\/\/mafael.com\/#\/schema\/logo\/image\/"}}]}},"_links":{"self":[{"href":"https:\/\/mafael.com\/index.php\/wp-json\/wp\/v2\/pages\/3","targetHints":{"allow":["GET"]}}],"collection":[{"href":"https:\/\/mafael.com\/index.php\/wp-json\/wp\/v2\/pages"}],"about":[{"href":"https:\/\/mafael.com\/index.php\/wp-json\/wp\/v2\/types\/page"}],"author":[{"embeddable":true,"href":"https:\/\/mafael.com\/index.php\/wp-json\/wp\/v2\/users\/1"}],"replies":[{"embeddable":true,"href":"https:\/\/mafael.com\/index.php\/wp-json\/wp\/v2\/comments?post=3"}],"version-history":[{"count":0,"href":"https:\/\/mafael.com\/index.php\/wp-json\/wp\/v2\/pages\/3\/revisions"}],"wp:attachment":[{"href":"https:\/\/mafael.com\/index.php\/wp-json\/wp\/v2\/media?parent=3"}],"curies":[{"name":"wp","href":"https:\/\/api.w.org\/{rel}","templated":true}]}}